0 - 3 - (-6)/4. Suppose -24*c - k*c + 717957 = 0. Is c composite?
False
Let w(j) = 96*j**3 - 3*j**2 - 11*j + 21. Let u be w(4). Let x = u - 2414. Is x a prime number?
True
Suppose 6 = -5*a - 14, -3*i = -3*a + 17907. Let w = i + 11978. Is w prime?
False
Suppose 5*l = -4*y + 69, 3*y + y + 4*l - 72 = 0. Let u be (2 - (-28988)/28) + (-6)/y. Suppose 2*m - u = -5*p, 2416 = 5*m + 3*p - 186. Is m composite?
False
Let n(l) = -79*l**3 - 3*l**2 - 70*l - 429. Is n(-8) prime?
True
Suppose 3*i - 4*f - 6926 = 0, 26*i - 21*i - 3*f = 11525. Is i composite?
True
Let u = 927 - 921. Suppose -4*k = -u*k + 10, 0 = -5*c + k + 49610. Is c prime?
True
Let z(o) = -o**3 + 148*o**2 + 199*o + 1085. Is z(132) composite?
True
Let o = -494708 + 832275. Is o prime?
False
Let h = -50 - -52. Suppose 2*x - h*w - 8 = 0, 2*x + 2*w + 2*w - 14 = 0. Suppose x*u - 1734 = 1201. Is u prime?
True
Let t(k) = 253*k - 4. Let v(i) = i**2 + 17*i + 3. Let q be v(-17). Suppose -b + 2 = 2*f - 4*b, 0 = -f - q*b + 1. Is t(f) composite?
True
Let o(x) = -17*x**2 + 5*x**2 - 156 + x**3 + 187 - 13*x. Is o(13) a composite number?
False
Let l = 562 - -1737. Let u be (-1)/(2 - 15/7). Suppose -u*r = -l - 1712. Is r composite?
True
Suppose 3*n + 3 = 3*i, 6*n - 7*n - 9 = 3*i. Let w be i*((-16)/(-24))/((-2)/3). Suppose -1453 = -w*a + 5*b, 4*b = 8*a - 4*a - 2888. Is a composite?
False
Let u(d) = 196*d**2 + 3*d - 12. Let w be u(-5). Suppose -6*p = -9839 - w. Suppose 0 = -2*l - q + p, 4*l = 2*q - 0*q + 4912. Is l composite?
True
Let c be 0 - -2*(3 + -85). Let v = 1004 + -717. Let w = c + v. Is w a prime number?
False
Let a(h) = -2*h + 32. Let u be a(15). Suppose -41315 = -3*f + 2*c, u*f - 27545 = 10*c - 7*c. Is f prime?
False
Let h = -51584 + 79995. Is h prime?
True
Let z(x) = -x**3 - 9*x**2 - 7*x - 10. Let a = 48 + -58. Let q be z(a). Suppose q = 10*m - 530. Is m prime?
False
Suppose -9*y + 1103632 = -8*y + 15*y. Is y prime?
False
Suppose 8*l = -47 - 25. Suppose -3*h = 4*n - 774, 5*n + 331 - 847 = -2*h. Is h*(18/(-4))/l composite?
True
Let k be 5/(20/33)*-24. Let w be (47 + -49)*(1 + (1 - k)). Let r = w + 863. Is r a composite number?
False
Let f be ((-2)/3)/(9/(-243)). Suppose -4*l = -8, 0 = h + 4*l - 8 - 29. Let n = f + h. Is n a prime number?
True
Suppose 4*h - 2452 = -4*i, -3*i + 2*h = -h - 1815. Suppose -2*n + 21 = n. Suppose -i = -10*p + n*p. Is p a composite number?
True
Let t be (-1)/1 + 1 + 28/7. Is 589 + (4 + -12)/t a composite number?
False
Let f = -21499 - -42303. Suppose 4*b = -8160 + f. Is b composite?
True
Let p(m) be the second derivative of -m**3/2 + 25*m**2/2 + m - 325. Let a(l) = l**3 - 4*l**2 - 3*l + 4. Let z be a(3). Is p(z) prime?
True
Suppose -139*i = -121*i - 181404. Is i prime?
False
Suppose 0 = 1188*u - 1174*u - 3277106. Is u a composite number?
True
Suppose 3*g + 4914 = 4*j, 376 = j - 4*g - 859. Let x(r) = r**2 + 5*r - 6. Let k be x(-6). Suppose -7*t + 1944 + j = k. Is t a composite number?
True
Let g = -2622 - -1847. Let t = g + 1994. Is t a composite number?
True
Let b = 1207899 - 848798. Is b a prime number?
True
Suppose 0 = 4*o + 2*t - 606106, -4*t = -o + 112518 + 39031. Is o prime?
False
Let f = -54 - -56. Suppose 0 = -5*k - 3*b - 19, -f*k - 3*k - 22 = 4*b. Is 672 + 1 + 0/k composite?
False
Let z = 303 - 296. Let j(s) = 959*s - 214. Is j(z) composite?
True
Suppose -2*t + 33*h + 925435 = 36*h, -4*t - h + 1850875 = 0. Is t a composite number?
False
Suppose 11*d + 209682 = 20*d. Suppose -12*c + 18*c - d = 0. Is c prime?
False
Suppose -5220 + 492 = 8*u. Let t = u - -1084. Is t a prime number?
False
Let j(p) = 3*p**2 - p + 2. Let b be j(3). Suppose 31 = i + b. Suppose -i*v + 950 = 115. Is v a prime number?
True
Suppose -s - 2*l - 11386 = 3*s, -11381 = 4*s + 3*l. Let h = 5023 + s. Is h a composite number?
True
Suppose -u - 8 + 3 = 0. Let m(z) = -363*z + 28. Is m(u) a composite number?
True
Let h be 4/1*(-3)/(-6). Let v be h + 2/((-4)/2678). Let j = v - -2028. Is j composite?
False
Let j = 24 - 11. Suppose j*p - 47 - 31 = 0. Is 1964/p*165/22 prime?
False
Let x(u) = 224*u - 21. Let a be x(6). Let g = -446 + a. Is g composite?
False
Suppose -4*c - 214674 = -554351 - 1171751. Is c composite?
True
Suppose -20*u + 92441 = -27*u + 329230. Is u prime?
True
Let n = 578965 - 351350. Is n prime?
False
Let a(z) = -73*z**3 + 7*z**2 - 9*z - 3. Let i be a(3). Let y = i + 3307. Is y prime?
False
Is (-51)/(-10 + 3*(-886101)/(-265833)) composite?
True
Let l(v) = -v**2 - 7*v + 52. Let n be l(-12). Is 1/(4/482)*(6 - n) a composite number?
True
Let f(z) = -6*z**3 - 17*z**2 + 16*z - 18. Let u(y) = y**3 + y**2 + 1. Let s(n) = f(n) + 5*u(n). Let x be s(-13). Let t = x + 95. Is t a prime number?
True
Suppose 10*t + 2*y + 412289 = 15*t, -2*t = -5*y - 164924. Is t a prime number?
True
Let q = 34 + 13. Suppose -3*s - 3*b = 2*b - 123, -s - b + 39 = 0. Suppose s = m - q. Is m a composite number?
False
Let p be 53 + -3*-1*(-3)/(-9). Let h = -49 + p. Suppose -3*b + 2*n = -569, 3*n + 577 = 3*b + h*n. Is b composite?
False
Let r be 2/5 - (-6354)/(-10). Let f = -702 + 1784. Let i = f + r. Is i composite?
True
Suppose -3*g + 76 = 28. Suppose 21*a - g*a = 20455. Is a composite?
False
Is 742/(-49) - -16 - (-14687)/7 prime?
True
Let g(l) = 17*l**3 + 14*l**2 - 26*l + 233. Is g(10) a composite number?
True
Let u(l) = -27*l**2 - 7 + 34 + 49*l**2 - 39*l**2 + l + l**3. Let m be u(17). Is ((-1567)/(-4))/(11/m) prime?
True
Is 28/(-42)*(-5 + (-157006)/4) prime?
True
Let b(f) = 5*f**3 + 8*f**2 - 39*f + 25. Suppose -80 = -218*p + 208*p. Is b(p) composite?
True
Let a = 21 - 19. Suppose 0 = -a*q + 54 - 50. Suppose -3*f + 65 = q*y, 4*f = y - 5*y + 88. Is f a composite number?
True
Suppose 5*p + 3*i - 4573577 = 0, 3*p + 5*i - 326738 = 2417421. Is p prime?
True
Let p be -6*4/(-144) + 7/(-6). Let d(l) = -4116*l**3 - 3*l - 2. Is d(p) prime?
False
Suppose 4*x = 8*x - 2*h - 42, 4*h - 24 = -4*x. Suppose -2794 = -x*t - 13*t. Is t a prime number?
True
Let q(s) = s**2 - 8*s + 1. Let z(i) = -8*i + 1. Let m(j) = 3*q(j) - 2*z(j). Let x be m(6). Suppose -7*a + 562 = -x. Is a a prime number?
True
Suppose 0 = 5*p + 3*a + 14110, 5*a + 22146 = -5*p + 8046. Let w = -5711 - p. Let h = 5779 + w. Is h composite?
True
Suppose 567*d + 359029 = 1140*d - 562*d. Is d prime?
False
Suppose -4*d = -981 - 3035. Let b(i) = -2*i**3 + 27*i**2 - 11*i - 20. Let w be b(13). Suppose -2*k + w*k = d. Is k a composite number?
False
Let s be (-6 - (1 - 2)) + 2599. Let v = 5475 + s. Is v composite?
False
Let w(c) = 4322*c**2 + 3*c - 15. Let v be w(3). Suppose 8*o + 6*o + v = 0. Is (2 - o) + (-5)/10*2 a prime number?
False
Let n(x) = 31*x**2 - 7*x + 5. Let j be n(-4). Let w(z) = -299*z**2 + j*z**2 + 0 + 501*z**2 + 2*z + 2. Is w(-1) a composite number?
True
Suppose n = -3*a + 28, -2 = -4*a - n + 34. Let k(m) = m**2 - 8*m + 1. Let y be k(a). Is (17/(y + -2))/(1/(-17)) a prime number?
False
Let b(q) = 6*q - 30*q - 21 + 73*q. Let k be b(14). Let w = k + -312. Is w a composite number?
False
Is (2 - -9) + -6 + 227724 composite?
False
Let s(w) = 13*w**2 - w + 11. Let p(i) = 5*i - 15. Let c be p(12). Let g = 52 - c. Is s(g) a composite number?
False
Suppose -9251*z + 9238*z = -315341. Is z prime?
False
Let l(y) = 805*y**2 + 2*y - 1. Let s be l(2). Let v = s + -1204. Suppose -5*p = -11764 + v. Is p composite?
False
Let h be 4/10 + 207/45. Suppose 6*x - 5 = 7*x, 401 = -q + h*x. Let f = q + 680. Is f composite?
True
Let v = -1582 + 1587. Suppose 2*o - 2*p - 426 = 0, -554 - 529 = -5*o - 4*p. Suppose -2*x + 535 = 3*q - o, -3*x - v*q = -1123. Is x prime?
False
Suppose 3*m = s - 40, 10*m - 5*m + 75 = 2*s. Suppose -25 = -4*v + 5*t, -2*v - 3*t - 2*t = s. Suppose 0 = -3*q + 15, -3*f + 2*q + 551 = -v*q. Is f composite?
True
Suppose r - 60528 = -5*q, -r - 3*r = -3*q + 36303. Suppose -4428 - q = -9*f. Is f prime?
False
Let u(d) = -d**2 + 12*d - 26. Let f be u(8). Suppose -25 = -f*c + 11. Suppose -7905 = -4*b + 3*x, 4*b - 3*x = -c*x + 7911. Is b a prime number?
False
Let m(x) = 2936*x + 3403. Is m(35) composite?
False
Let b(u) = -4*u + 253*u**3 - 2*u - 3*u**2 + 11 - 252*u**3. Let g be b(11). Let a = -626 + g. Is a composite?
True
Let w(d) = 2*d**2 - 41*d + 117. Let o be w(3). Suppose o*q = 14*q - 8066. Is q composite?
True
Suppose 0*r - 2*r = -5*r. Suppose g = r, -3*s + 158 + 1600 = -4*g. Is (2/(